tor of 66177?
True
Does 22 divide 22000?
True
Is 552 a factor of 852663?
False
Does 616 divide 16514160?
False
Is 394164 a multiple of 29?
False
Does 212 divide 1185562?
False
Does 13 divide 678029?
False
Is 110 a factor of 3200450?
True
Is 149 a factor of 29191198?
False
Does 9 divide 126137?
False
Does 25 divide 198525?
True
Is 158016 a multiple of 150?
False
Is 15 a factor of 7173?
False
Is 234 a factor of 5566298?
False
Is 48 a factor of 1647984?
True
Does 14 divide 10231?
False
Does 26 divide 10195458?
True
Is 46670 a multiple of 10?
True
Is 57 a factor of 80712?
True
Is 12 a factor of 265860?
True
Does 28 divide 1375528?
True
Is 18807494 a multiple of 745?
False
Is 102039 a multiple of 129?
True
Is 1369 a factor of 2947457?
True
Is 66 a factor of 834306?
True
Is 595061 a multiple of 4?
False
Is 10 a factor of 82184?
False
Is 19 a factor of 422370?
True
Is 33821 a multiple of 8?
False
Is 22 a factor of 403437?
False
Is 1475 a factor of 2924867?
False
Is 210 a factor of 899220?
True
Does 18 divide 26766?
True
Is 69 a factor of 107778?
True
Is 476355 a multiple of 165?
True
Is 2 a factor of 990551?
False
Is 1267 a factor of 2475374?
False
Is 3689879 a multiple of 20?
False
Is 12 a factor of 97632?
True
Is 1309536 a multiple of 585?
False
Is 21699258 a multiple of 14?
True
Is 682677 a multiple of 111?
False
Is 407 a factor of 3943423?
True
Is 120368 a multiple of 8?
True
Does 209 divide 19387?
False
Is 808194 a multiple of 6?
True
Does 43 divide 106167?
True
Does 192 divide 3235119?
False
Does 17 divide 1996789?
False
Is 362 a factor of 1784832?
False
Is 2879053 a multiple of 33?
False
Is 3554645 a multiple of 213?
False
Does 55 divide 19856411?
False
Is 4 a factor of 4322?
False
Does 685 divide 11092205?
True
Does 4 divide 7808?
True
Does 297 divide 594442?
False
Does 39 divide 1380522?
True
Is 207 a factor of 2141622?
True
Does 86 divide 125011?
False
Does 154 divide 179564?
True
Is 2566839 a multiple of 74?
False
Is 758150 a multiple of 257?
True
Is 167444 a multiple of 4?
True
Is 257 a factor of 77623?
False
Is 143469 a multiple of 57?
True
Does 29 divide 6124065?
False
Does 140 divide 987140?
True
Is 47 a factor of 369185?
True
Is 435 a factor of 753863?
False
Does 69 divide 23391?
True
Does 105 divide 81060?
True
Is 102 a factor of 2410318?
False
Is 4993300 a multiple of 1150?
True
Does 3 divide 115843?
False
Is 1401588 a multiple of 12?
True
Does 185 divide 8879148?
False
Does 265 divide 4546075?
True
Does 19 divide 4280111?
True
Is 343 a factor of 1467885?
False
Is 246808 a multiple of 194?
False
Is 7 a factor of 253820?
True
Does 816 divide 3387249?
False
Is 653392 a multiple of 81?
False
Is 10686 a multiple of 39?
True
Is 24 a factor of 2420160?
True
Is 247 a factor of 200261?
False
Is 119 a factor of 121186?
False
Is 77 a factor of 322834?
False
Is 7392385 a multiple of 385?
True
Does 994 divide 8490338?
False
Is 450848 a multiple of 282?
False
Is 12 a factor of 476208?
True
Is 48 a factor of 58782?
False
Does 380 divide 1940485?
False
Does 15 divide 68580?
True
Is 3697185 a multiple of 153?
False
Is 409 a factor of 187322?
True
Does 25 divide 2476350?
True
Is 25048077 a multiple of 424?
False
Does 261 divide 1213348?
False
Does 8 divide 1138806?
False
Is 644 a factor of 10161032?
True
Does 751 divide 1969122?
True
Is 7 a factor of 1269002?
True
Is 4 a factor of 16628?
True
Does 39 divide 6897?
False
Does 32 divide 466240?
True
Does 120 divide 319514?
False
Is 718727 a multiple of 34?
False
Does 48 divide 233760?
True
Is 13033 a multiple of 3?
False
Does 43 divide 199823?
False
Is 71 a factor of 442842?
False
Does 37 divide 1251081?
True
Is 597898 a multiple of 94?
False
Is 921862 a multiple of 6?
False
Is 1237320 a multiple of 24?
True
Does 378 divide 113605?
False
Is 189630 a multiple of 147?
True
Does 16 divide 136032?
True
Is 33 a factor of 389891?
False
Is 67780 a multiple of 2?
True
Is 20 a factor of 3371902?
False
Does 28 divide 4493832?
True
Is 12 a factor of 6814295?
False
Is 273 a factor of 3815317?
False
Is 905681 a multiple of 2?
False
Does 3 divide 125153?
False
Is 192231 a multiple of 26?
False
Is 2801589 a multiple of 7?
True
Does 842 divide 328315?
False
Is 18 a factor of 13186?
False
Does 409 divide 117792?
True
Is 26 a factor of 69838?
False
Is 590897 a multiple of 4?
False
Is 161348 a multiple of 21?
False
Does 69 divide 6624?
True
Does 79 divide 178773?
False
Is 4606384 a multiple of 131?
False
Does 489 divide 267557?
False
Is 97 a factor of 673083?
True
Is 154 a factor of 849291?
False
Is 53 a factor of 2727115?
True
Is 1552893 a multiple of 1201?
True
Is 6034272 a multiple of 6?
True
Is 8 a factor of 5264?
True
Is 17 a factor of 477530?
True
Does 3 divide 93695?
False
Is 240426 a multiple of 74?
True
Is 12 a factor of 20928?
True
Does 18 divide 9878652?
True
Is 3 a factor of 544165?
False
Is 206585 a multiple of 79?
True
Is 399 a factor of 523565?
False
Is 13 a factor of 667680?
True
Is 4 a factor of 100366?
False
Is 78699 a multiple of 3?
True
Is 1727042 a multiple of 604?
False
Is 262044 a multiple of 174?
True
Is 912 a factor of 1993559?
False
Is 82142 a multiple of 68?
False
Is 14 a factor of 17127474?
True
Is 2835150 a multiple of 41?
True
Is 77 a factor of 61261?
False
Does 8 divide 1190632?
True
Is 1254827 a multiple of 8?
False
Is 11715 even?
False
Is 1241080 a multiple of 142?
True
Is 477 a factor of 10068897?
False
Is 289651 a multiple of 163?
True
Is 22 a factor of 233112?
True
Is 57763 a multiple of 47?
True
Is 7782395 a multiple of 10?
False
Is 152888 a multiple of 4?
True
Is 53 a factor of 372818?
False
Is 864289 a multiple of 375?
False
Does 13 divide 717652?
True
Is 312 a factor of 38376?
True
Is 532 a factor of 6093703?
False
Is 368514 a multiple of 347?
True
Is 175 a factor of 565075?
True
Is 5 a factor of 999356?
False
Does 665 divide 475052?
False
Is 10267285 a multiple of 394?
False
Is 660790 a multiple of 23?
True
Does 6 divide 1772442?
True
Is 35 a factor of 230685?
True
Does 448 divide 6907910?
False
Is 1385199 a multiple of 9?
True
Is 191 a factor of 1160324?
False
Does 173 divide 156911?
True
Is 908828 a multiple of 134?
False
Does 104 divide 543187?
False
Does 2 divide 1870?
True
Is 587 a factor of 5932809?
True
Is 23 a factor of 22075437?
False
Is 63722 a multiple of 18?
False
Is 12 a factor of 223493?
False
Is 56 a factor of 13479556?
False
Is 127 a factor of 414409?
False
Is 131 a factor of 6310663?
True
Does 59 divide 1979420?
False
Is 1318525 a multiple of 9?
False
Does 4 divide 247821?
False
Is 625 a factor of 436980?
False
Is 252 a factor of 1255464?
True
Does 141 divide 3778377?
True
Is 12 a factor of 99616?
False
Is 37758290 a multiple of 1093?
False
Is 16 a factor of 114847?
False
Is 5546684 a multiple of 26?
True
Is 21 a factor of 25382153?
False
Is 223740 a multiple of 12?
True
Does 1070 divide 2004942?
False
Does 50 divide 121143?
False
Is 9267942 a multiple of 717?
True
Does 9 divide 67437?
True
Does 3 divide 6921?
True
Is 94814 a multiple of 19?
False
Is 670 a factor of 2683350?
True
Is 705160 a multiple of 17?
True
Does 30 divide 49805?
False
Does 16 divide 2750589?
False
Is 884744 a multiple of 196?
True
Does 335 divide 3263570?
True
Does 249 divide 1625678?
False
Does 474 divide 1074346?
False
Is 819196 a multiple of 68?
True
Is 607 a factor of 8309?
False
Is 172759 a multiple of 110?
False
Is 2776371 a multiple of 39?
True
Is 995835 a multiple of 1011?
True
Does 1348 divide 4108704?
True
Is 953 a factor of 4886081?
False
Does 9 divide 9006?
False
Is 154 a factor of 174299?
False
Is 327012 a multiple of 51?
True
Is 55566 a multiple of 98?
True
Is 24 a factor of 64420?
False
Does 9 divide 113389?
False
Does 410 divide 282490?
True
Is 480110 a multiple of 25?
False
Is 13 a factor of 10275923?
False
Is 93 a factor of 169446?
True
Does 53 divide 67035?
False
Is 1118493 a multiple of 10?
False
Is 25 a factor of 402289?
False
Is 5501459 a multiple of 32?
False
Does 172 divide 183868?
True
Is 10 a factor of 7756?
False
Is 676706 a multiple of 94?
True
Is 74956 a multiple of 28?
True
Does 918 divide 2128082?
False
Does 29 divide 12440358?
False
Is 19 a factor of 124982?
True
Does 9 divide 1589282?
False
Is 389 a factor of 202280?
True
Does 22 divide 463340?
False
Does